{"id":54,"date":"2024-02-25T21:46:02","date_gmt":"2024-02-26T00:46:02","guid":{"rendered":"https:\/\/jtengenhariasolucion.com.br\/?page_id=54"},"modified":"2024-02-27T22:55:50","modified_gmt":"2024-02-28T01:55:50","slug":"termos","status":"publish","type":"page","link":"https:\/\/jtengenhariasolucion.com.br\/?page_id=54","title":{"rendered":"Termos"},"content":{"rendered":"\n<blockquote class=\"wp-block-quote\">\n<p><strong>Restri\u00e7\u00e3o de Dados: Protegendo a Confidencialidade e Privacidade<\/strong><\/p>\n<\/blockquote>\n\n\n\n<p>Essa pol\u00edtica estabelece diretrizes claras sobre como os dados devem ser coletados, armazenados, processados e compartilhados. Ela define quem tem permiss\u00e3o para acessar determinados conjuntos de dados e sob quais circunst\u00e2ncias esse acesso \u00e9 concedido. Al\u00e9m disso, estabelece protocolos para o descarte seguro de dados que n\u00e3o s\u00e3o mais necess\u00e1rios, minimizando assim o risco de exposi\u00e7\u00e3o.<\/p>\n\n\n\n<p>Um dos princ\u00edpios fundamentais da pol\u00edtica de restri\u00e7\u00e3o de dados \u00e9 o princ\u00edpio da necessidade m\u00ednima, que postula que apenas os dados estritamente necess\u00e1rios para cumprir uma finalidade espec\u00edfica devem ser coletados e retidos. Isso ajuda a reduzir a exposi\u00e7\u00e3o e o potencial de abuso de dados, limitando a quantidade de informa\u00e7\u00f5es sens\u00edveis em circula\u00e7\u00e3o.<\/p>\n\n\n\n<p>Para garantir o cumprimento efetivo da pol\u00edtica de restri\u00e7\u00e3o de dados, \u00e9 essencial fornecer treinamento adequado aos funcion\u00e1rios e implementar medidas t\u00e9cnicas, como criptografia e controle de acesso, para proteger os dados contra viola\u00e7\u00f5es de seguran\u00e7a. Al\u00e9m disso, auditorias regulares devem ser conduzidas para garantir a conformidade cont\u00ednua com os padr\u00f5es estabelecidos.<\/p>\n\n\n\n<p>Em \u00faltima an\u00e1lise, a pol\u00edtica de restri\u00e7\u00e3o de dados n\u00e3o apenas protege os interesses das organiza\u00e7\u00f5es e de seus usu\u00e1rios, mas tamb\u00e9m promove valores fundamentais de privacidade e seguran\u00e7a. Ao adotar uma abordagem proativa para gerenciar dados de forma respons\u00e1vel, as organiza\u00e7\u00f5es podem mitigar riscos, fortalecer a confian\u00e7a do cliente e demonstrar seu compromisso com a prote\u00e7\u00e3o da privacidade em um mundo digital em constante evolu\u00e7\u00e3o.<\/p>\n","protected":false},"excerpt":{"rendered":"<p>Restri\u00e7\u00e3o de Dados: Protegendo a Confidencialidade e Privacidade Essa pol\u00edtica estabelece diretrizes claras sobre como os dados devem ser coletados, armazenados, processados e compartilhados. Ela define quem tem permiss\u00e3o para acessar determinados conjuntos de dados e sob quais circunst\u00e2ncias esse acesso \u00e9 concedido. Al\u00e9m disso, estabelece protocolos para o descarte seguro de dados que n\u00e3o&#8230;<\/p>\n","protected":false},"author":1,"featured_media":0,"parent":0,"menu_order":0,"comment_status":"closed","ping_status":"closed","template":"","meta":{"_kad_post_transparent":"","_kad_post_title":"","_kad_post_layout":"","_kad_post_sidebar_id":"","_kad_post_content_style":"","_kad_post_vertical_padding":"","_kad_post_feature":"","_kad_post_feature_position":"","_kad_post_header":false,"_kad_post_footer":false,"footnotes":""},"_links":{"self":[{"href":"https:\/\/jtengenhariasolucion.com.br\/index.php?rest_route=\/wp\/v2\/pages\/54"}],"collection":[{"href":"https:\/\/jtengenhariasolucion.com.br\/index.php?rest_route=\/wp\/v2\/pages"}],"about":[{"href":"https:\/\/jtengenhariasolucion.com.br\/index.php?rest_route=\/wp\/v2\/types\/page"}],"author":[{"embeddable":true,"href":"https:\/\/jtengenhariasolucion.com.br\/index.php?rest_route=\/wp\/v2\/users\/1"}],"replies":[{"embeddable":true,"href":"https:\/\/jtengenhariasolucion.com.br\/index.php?rest_route=%2Fwp%2Fv2%2Fcomments&post=54"}],"version-history":[{"count":3,"href":"https:\/\/jtengenhariasolucion.com.br\/index.php?rest_route=\/wp\/v2\/pages\/54\/revisions"}],"predecessor-version":[{"id":316,"href":"https:\/\/jtengenhariasolucion.com.br\/index.php?rest_route=\/wp\/v2\/pages\/54\/revisions\/316"}],"wp:attachment":[{"href":"https:\/\/jtengenhariasolucion.com.br\/index.php?rest_route=%2Fwp%2Fv2%2Fmedia&parent=54"}],"curies":[{"name":"wp","href":"https:\/\/api.w.org\/{rel}","templated":true}]}}