{"id":404,"date":"2024-02-28T01:19:18","date_gmt":"2024-02-28T04:19:18","guid":{"rendered":"https:\/\/jtengenhariasolucion.com.br\/?page_id=404"},"modified":"2024-02-28T01:20:56","modified_gmt":"2024-02-28T04:20:56","slug":"jardinagem","status":"publish","type":"page","link":"https:\/\/jtengenhariasolucion.com.br\/?page_id=404","title":{"rendered":"Jardinagem"},"content":{"rendered":"\t\t<div data-elementor-type=\"wp-page\" data-elementor-id=\"404\" class=\"elementor elementor-404\">\n\t\t\t\t<div class=\"elementor-element elementor-element-cb5842b e-flex e-con-boxed wpr-particle-no wpr-jarallax-no wpr-parallax-no wpr-sticky-section-no e-con e-parent\" data-id=\"cb5842b\" data-element_type=\"container\" data-settings=\"{&quot;content_width&quot;:&quot;boxed&quot;}\" data-core-v316-plus=\"true\">\n\t\t\t\t\t<div class=\"e-con-inner\">\n\t\t<div class=\"elementor-element elementor-element-bf7fe98 e-con-full e-flex wpr-particle-no wpr-jarallax-no wpr-parallax-no wpr-sticky-section-no e-con e-child\" data-id=\"bf7fe98\" data-element_type=\"container\" data-settings=\"{&quot;content_width&quot;:&quot;full&quot;}\">\n\t\t\t\t<div class=\"elementor-element elementor-element-a76298e elementor-widget elementor-widget-image\" data-id=\"a76298e\" data-element_type=\"widget\" data-widget_type=\"image.default\">\n\t\t\t\t<div class=\"elementor-widget-container\">\n\t\t\t<style>\/*! elementor - v3.19.0 - 28-02-2024 *\/\n.elementor-widget-image{text-align:center}.elementor-widget-image a{display:inline-block}.elementor-widget-image a img[src$=\".svg\"]{width:48px}.elementor-widget-image img{vertical-align:middle;display:inline-block}<\/style>\t\t\t\t\t\t\t\t\t\t<img fetchpriority=\"high\" decoding=\"async\" width=\"1020\" height=\"680\" src=\"https:\/\/jtengenhariasolucion.com.br\/wp-content\/uploads\/2024\/02\/SC2_2292-1020x680-1.jpg\" class=\"attachment-large size-large wp-image-191\" alt=\"\" srcset=\"https:\/\/jtengenhariasolucion.com.br\/wp-content\/uploads\/2024\/02\/SC2_2292-1020x680-1.jpg 1020w, https:\/\/jtengenhariasolucion.com.br\/wp-content\/uploads\/2024\/02\/SC2_2292-1020x680-1-300x200.jpg 300w, https:\/\/jtengenhariasolucion.com.br\/wp-content\/uploads\/2024\/02\/SC2_2292-1020x680-1-768x512.jpg 768w\" sizes=\"(max-width: 1020px) 100vw, 1020px\" \/>\t\t\t\t\t\t\t\t\t\t\t\t\t<\/div>\n\t\t\t\t<\/div>\n\t\t\t\t<\/div>\n\t\t<div class=\"elementor-element elementor-element-ae80d1b e-con-full e-flex wpr-particle-no wpr-jarallax-no wpr-parallax-no wpr-sticky-section-no e-con e-child\" data-id=\"ae80d1b\" data-element_type=\"container\" data-settings=\"{&quot;content_width&quot;:&quot;full&quot;}\">\n\t\t\t\t<div class=\"elementor-element elementor-element-040f955 elementor-widget elementor-widget-heading\" data-id=\"040f955\" data-element_type=\"widget\" data-widget_type=\"heading.default\">\n\t\t\t\t<div class=\"elementor-widget-container\">\n\t\t\t<style>\/*! elementor - v3.19.0 - 28-02-2024 *\/\n.elementor-heading-title{padding:0;margin:0;line-height:1}.elementor-widget-heading .elementor-heading-title[class*=elementor-size-]>a{color:inherit;font-size:inherit;line-height:inherit}.elementor-widget-heading .elementor-heading-title.elementor-size-small{font-size:15px}.elementor-widget-heading .elementor-heading-title.elementor-size-medium{font-size:19px}.elementor-widget-heading .elementor-heading-title.elementor-size-large{font-size:29px}.elementor-widget-heading .elementor-heading-title.elementor-size-xl{font-size:39px}.elementor-widget-heading .elementor-heading-title.elementor-size-xxl{font-size:59px}<\/style><h2 class=\"elementor-heading-title elementor-size-default\">Vegeta\u00e7\u00f5es e Jardinagem<\/h2>\t\t<\/div>\n\t\t\t\t<\/div>\n\t\t\t\t<div class=\"elementor-element elementor-element-86588ae elementor-widget elementor-widget-text-editor\" data-id=\"86588ae\" data-element_type=\"widget\" data-widget_type=\"text-editor.default\">\n\t\t\t\t<div class=\"elementor-widget-container\">\n\t\t\t<style>\/*! elementor - v3.19.0 - 28-02-2024 *\/\n.elementor-widget-text-editor.elementor-drop-cap-view-stacked .elementor-drop-cap{background-color:#69727d;color:#fff}.elementor-widget-text-editor.elementor-drop-cap-view-framed .elementor-drop-cap{color:#69727d;border:3px solid;background-color:transparent}.elementor-widget-text-editor:not(.elementor-drop-cap-view-default) .elementor-drop-cap{margin-top:8px}.elementor-widget-text-editor:not(.elementor-drop-cap-view-default) .elementor-drop-cap-letter{width:1em;height:1em}.elementor-widget-text-editor .elementor-drop-cap{float:left;text-align:center;line-height:1;font-size:50px}.elementor-widget-text-editor .elementor-drop-cap-letter{display:inline-block}<\/style>\t\t\t\t<p>Manuten\u00e7\u00e3o em Jardim e vegeta\u00e7\u00e3o: Mantenha seu jardim saud\u00e1vel e vibrante com nossos servi\u00e7os de <br \/>manuten\u00e7\u00e3o abrangentes. Cuidaremos de todas as tarefas essenciais, como poda, aduba\u00e7\u00e3o, irriga\u00e7\u00e3o, <br \/>controle de pragas e remo\u00e7\u00e3o de ervas daninhas, para que voc\u00ea possa desfrutar de um jardim <br \/>deslumbrante.<br \/>Para atender com maior qualidade e efic\u00e1cia nossos equipamentos <br \/>s\u00e3o todos mapeados e de \u00f3tima qualidade a mais renomada quando o<br \/>assunto \u00e9 jardinagem e manuten\u00e7\u00e3o em vegeta\u00e7\u00f5es de alta demanda.<br \/>Nosso servi\u00e7o de paisagismo corporativo ajudar\u00e1 a criar uma imagem <br \/>profissional e acolhedora. Trabalharemos com voc\u00ea para projetar <br \/>\u00e1reas verdes atraentes que impressionar\u00e3o clientes e funcion\u00e1rios.<\/p>\t\t\t\t\t\t<\/div>\n\t\t\t\t<\/div>\n\t\t\t\t<\/div>\n\t\t\t\t\t<\/div>\n\t\t\t\t<\/div>\n\t\t\t\t<\/div>\n\t\t","protected":false},"excerpt":{"rendered":"<p>Vegeta\u00e7\u00f5es e Jardinagem Manuten\u00e7\u00e3o em Jardim e vegeta\u00e7\u00e3o: Mantenha seu jardim saud\u00e1vel e vibrante com nossos servi\u00e7os de manuten\u00e7\u00e3o abrangentes. Cuidaremos de todas as tarefas essenciais, como poda, aduba\u00e7\u00e3o, irriga\u00e7\u00e3o, controle de pragas e remo\u00e7\u00e3o de ervas daninhas, para que voc\u00ea possa desfrutar de um jardim deslumbrante.Para atender com maior qualidade e efic\u00e1cia nossos equipamentos&#8230;<\/p>\n","protected":false},"author":1,"featured_media":0,"parent":0,"menu_order":0,"comment_status":"closed","ping_status":"closed","template":"","meta":{"_kad_post_transparent":"","_kad_post_title":"hide","_kad_post_layout":"fullwidth","_kad_post_sidebar_id":"","_kad_post_content_style":"unboxed","_kad_post_vertical_padding":"hide","_kad_post_feature":"hide","_kad_post_feature_position":"","_kad_post_header":false,"_kad_post_footer":false,"footnotes":""},"_links":{"self":[{"href":"https:\/\/jtengenhariasolucion.com.br\/index.php?rest_route=\/wp\/v2\/pages\/404"}],"collection":[{"href":"https:\/\/jtengenhariasolucion.com.br\/index.php?rest_route=\/wp\/v2\/pages"}],"about":[{"href":"https:\/\/jtengenhariasolucion.com.br\/index.php?rest_route=\/wp\/v2\/types\/page"}],"author":[{"embeddable":true,"href":"https:\/\/jtengenhariasolucion.com.br\/index.php?rest_route=\/wp\/v2\/users\/1"}],"replies":[{"embeddable":true,"href":"https:\/\/jtengenhariasolucion.com.br\/index.php?rest_route=%2Fwp%2Fv2%2Fcomments&post=404"}],"version-history":[{"count":4,"href":"https:\/\/jtengenhariasolucion.com.br\/index.php?rest_route=\/wp\/v2\/pages\/404\/revisions"}],"predecessor-version":[{"id":408,"href":"https:\/\/jtengenhariasolucion.com.br\/index.php?rest_route=\/wp\/v2\/pages\/404\/revisions\/408"}],"wp:attachment":[{"href":"https:\/\/jtengenhariasolucion.com.br\/index.php?rest_route=%2Fwp%2Fv2%2Fmedia&parent=404"}],"curies":[{"name":"wp","href":"https:\/\/api.w.org\/{rel}","templated":true}]}}