{"id":384,"date":"2024-02-28T00:58:32","date_gmt":"2024-02-28T03:58:32","guid":{"rendered":"https:\/\/jtengenhariasolucion.com.br\/?page_id=384"},"modified":"2024-02-28T01:01:01","modified_gmt":"2024-02-28T04:01:01","slug":"pintura-civil-industrial","status":"publish","type":"page","link":"https:\/\/jtengenhariasolucion.com.br\/?page_id=384","title":{"rendered":"Pintura c\u00edvil\/Ind\u00fastrial"},"content":{"rendered":"\t\t<div data-elementor-type=\"wp-page\" data-elementor-id=\"384\" class=\"elementor elementor-384\">\n\t\t\t\t<div class=\"elementor-element elementor-element-b122a3f e-flex e-con-boxed wpr-particle-no wpr-jarallax-no wpr-parallax-no wpr-sticky-section-no e-con e-parent\" data-id=\"b122a3f\" data-element_type=\"container\" data-settings=\"{&quot;content_width&quot;:&quot;boxed&quot;}\" data-core-v316-plus=\"true\">\n\t\t\t\t\t<div class=\"e-con-inner\">\n\t\t<div class=\"elementor-element elementor-element-fff8b0c e-con-full e-flex wpr-particle-no wpr-jarallax-no wpr-parallax-no wpr-sticky-section-no e-con e-child\" data-id=\"fff8b0c\" data-element_type=\"container\" data-settings=\"{&quot;content_width&quot;:&quot;full&quot;}\">\n\t\t\t\t<div class=\"elementor-element elementor-element-1e47f03 elementor-widget elementor-widget-heading\" data-id=\"1e47f03\" data-element_type=\"widget\" data-widget_type=\"heading.default\">\n\t\t\t\t<div class=\"elementor-widget-container\">\n\t\t\t<style>\/*! elementor - v3.19.0 - 28-02-2024 *\/\n.elementor-heading-title{padding:0;margin:0;line-height:1}.elementor-widget-heading .elementor-heading-title[class*=elementor-size-]>a{color:inherit;font-size:inherit;line-height:inherit}.elementor-widget-heading .elementor-heading-title.elementor-size-small{font-size:15px}.elementor-widget-heading .elementor-heading-title.elementor-size-medium{font-size:19px}.elementor-widget-heading .elementor-heading-title.elementor-size-large{font-size:29px}.elementor-widget-heading .elementor-heading-title.elementor-size-xl{font-size:39px}.elementor-widget-heading .elementor-heading-title.elementor-size-xxl{font-size:59px}<\/style><h2 class=\"elementor-heading-title elementor-size-default\">Pintura C\u00edvil e Ind\u00fastrial<\/h2>\t\t<\/div>\n\t\t\t\t<\/div>\n\t\t\t\t<div class=\"elementor-element elementor-element-e9de998 elementor-widget elementor-widget-text-editor\" data-id=\"e9de998\" data-element_type=\"widget\" data-widget_type=\"text-editor.default\">\n\t\t\t\t<div class=\"elementor-widget-container\">\n\t\t\t<style>\/*! elementor - v3.19.0 - 28-02-2024 *\/\n.elementor-widget-text-editor.elementor-drop-cap-view-stacked .elementor-drop-cap{background-color:#69727d;color:#fff}.elementor-widget-text-editor.elementor-drop-cap-view-framed .elementor-drop-cap{color:#69727d;border:3px solid;background-color:transparent}.elementor-widget-text-editor:not(.elementor-drop-cap-view-default) .elementor-drop-cap{margin-top:8px}.elementor-widget-text-editor:not(.elementor-drop-cap-view-default) .elementor-drop-cap-letter{width:1em;height:1em}.elementor-widget-text-editor .elementor-drop-cap{float:left;text-align:center;line-height:1;font-size:50px}.elementor-widget-text-editor .elementor-drop-cap-letter{display:inline-block}<\/style>\t\t\t\t<p>A pintura civil abrange uma ampla gama de <br \/>ambientes, desde condom\u00ednios at\u00e9 pr\u00e9dios <br \/>comerciais, hospitais, vias para pedestres e ciclo vias.<\/p><p>J\u00e1 a pintura industrial oferece solu\u00e7\u00f5es para <br \/>estruturas como galp\u00f5es, ind\u00fastrias, centros <br \/>log\u00edsticos, usinas e estruturas met\u00e1licas. Nossa equipe <br \/>atende demandas de diferentes tamanhos, <br \/>adaptando-se \u00e0s necessidades de cada projeto<\/p>\t\t\t\t\t\t<\/div>\n\t\t\t\t<\/div>\n\t\t\t\t<\/div>\n\t\t<div class=\"elementor-element elementor-element-1c01baa e-con-full e-flex wpr-particle-no wpr-jarallax-no wpr-parallax-no wpr-sticky-section-no e-con e-child\" data-id=\"1c01baa\" data-element_type=\"container\" data-settings=\"{&quot;content_width&quot;:&quot;full&quot;}\">\n\t\t\t\t<div class=\"elementor-element elementor-element-8d51aa4 elementor-widget elementor-widget-image\" data-id=\"8d51aa4\" data-element_type=\"widget\" data-widget_type=\"image.default\">\n\t\t\t\t<div class=\"elementor-widget-container\">\n\t\t\t<style>\/*! elementor - v3.19.0 - 28-02-2024 *\/\n.elementor-widget-image{text-align:center}.elementor-widget-image a{display:inline-block}.elementor-widget-image a img[src$=\".svg\"]{width:48px}.elementor-widget-image img{vertical-align:middle;display:inline-block}<\/style>\t\t\t\t\t\t\t\t\t\t<img fetchpriority=\"high\" decoding=\"async\" width=\"1024\" height=\"576\" src=\"https:\/\/jtengenhariasolucion.com.br\/wp-content\/uploads\/2024\/02\/Blog-2-1200x675-2-1024x576.webp\" class=\"attachment-large size-large wp-image-197\" alt=\"\" srcset=\"https:\/\/jtengenhariasolucion.com.br\/wp-content\/uploads\/2024\/02\/Blog-2-1200x675-2-1024x576.webp 1024w, https:\/\/jtengenhariasolucion.com.br\/wp-content\/uploads\/2024\/02\/Blog-2-1200x675-2-300x169.webp 300w, https:\/\/jtengenhariasolucion.com.br\/wp-content\/uploads\/2024\/02\/Blog-2-1200x675-2-768x432.webp 768w, https:\/\/jtengenhariasolucion.com.br\/wp-content\/uploads\/2024\/02\/Blog-2-1200x675-2.webp 1200w\" sizes=\"(max-width: 1024px) 100vw, 1024px\" \/>\t\t\t\t\t\t\t\t\t\t\t\t\t<\/div>\n\t\t\t\t<\/div>\n\t\t\t\t<\/div>\n\t\t\t\t\t<\/div>\n\t\t\t\t<\/div>\n\t\t\t\t<\/div>\n\t\t","protected":false},"excerpt":{"rendered":"<p>Pintura C\u00edvil e Ind\u00fastrial A pintura civil abrange uma ampla gama de ambientes, desde condom\u00ednios at\u00e9 pr\u00e9dios comerciais, hospitais, vias para pedestres e ciclo vias. J\u00e1 a pintura industrial oferece solu\u00e7\u00f5es para estruturas como galp\u00f5es, ind\u00fastrias, centros log\u00edsticos, usinas e estruturas met\u00e1licas. Nossa equipe atende demandas de diferentes tamanhos, adaptando-se \u00e0s necessidades de cada projeto<\/p>\n","protected":false},"author":1,"featured_media":0,"parent":0,"menu_order":0,"comment_status":"closed","ping_status":"closed","template":"","meta":{"_kad_post_transparent":"","_kad_post_title":"hide","_kad_post_layout":"fullwidth","_kad_post_sidebar_id":"","_kad_post_content_style":"unboxed","_kad_post_vertical_padding":"hide","_kad_post_feature":"hide","_kad_post_feature_position":"","_kad_post_header":false,"_kad_post_footer":false,"footnotes":""},"_links":{"self":[{"href":"https:\/\/jtengenhariasolucion.com.br\/index.php?rest_route=\/wp\/v2\/pages\/384"}],"collection":[{"href":"https:\/\/jtengenhariasolucion.com.br\/index.php?rest_route=\/wp\/v2\/pages"}],"about":[{"href":"https:\/\/jtengenhariasolucion.com.br\/index.php?rest_route=\/wp\/v2\/types\/page"}],"author":[{"embeddable":true,"href":"https:\/\/jtengenhariasolucion.com.br\/index.php?rest_route=\/wp\/v2\/users\/1"}],"replies":[{"embeddable":true,"href":"https:\/\/jtengenhariasolucion.com.br\/index.php?rest_route=%2Fwp%2Fv2%2Fcomments&post=384"}],"version-history":[{"count":4,"href":"https:\/\/jtengenhariasolucion.com.br\/index.php?rest_route=\/wp\/v2\/pages\/384\/revisions"}],"predecessor-version":[{"id":388,"href":"https:\/\/jtengenhariasolucion.com.br\/index.php?rest_route=\/wp\/v2\/pages\/384\/revisions\/388"}],"wp:attachment":[{"href":"https:\/\/jtengenhariasolucion.com.br\/index.php?rest_route=%2Fwp%2Fv2%2Fmedia&parent=384"}],"curies":[{"name":"wp","href":"https:\/\/api.w.org\/{rel}","templated":true}]}}